[INFO] cloning repository https://github.com/CyberGsus/tracc
[INFO] running `Command { std: "git" "-c" "credential.helper=" "-c" "credential.helper=/workspace/cargo-home/bin/git-credential-null" "clone" "--bare" "https://github.com/CyberGsus/tracc" "/workspace/cache/git-repos/https%3A%2F%2Fgithub.com%2FCyberGsus%2Ftracc", kill_on_drop: false }`
[INFO] [stderr] Cloning into bare repository '/workspace/cache/git-repos/https%3A%2F%2Fgithub.com%2FCyberGsus%2Ftracc'...
[INFO] running `Command { std: "git" "rev-parse" "HEAD", kill_on_drop: false }`
[INFO] [stdout] 273900b5885966dbcb5162c9b4cafbeec7249a05
[INFO] checking CyberGsus/tracc against master#9610dfe5a9a731ced1ea4923ecbd0c57fe367898 for beta-170-4
[INFO] running `Command { std: "git" "clone" "/workspace/cache/git-repos/https%3A%2F%2Fgithub.com%2FCyberGsus%2Ftracc" "/workspace/builds/worker-2-tc1/source", kill_on_drop: false }`
[INFO] [stderr] Cloning into '/workspace/builds/worker-2-tc1/source'...
[INFO] [stderr] done.
[INFO] validating manifest of git repo https://github.com/CyberGsus/tracc on toolchain 9610dfe5a9a731ced1ea4923ecbd0c57fe367898
[INFO] running `Command { std: CARGO_HOME="/workspace/cargo-home" RUSTUP_HOME="/workspace/rustup-home" "/workspace/cargo-home/bin/cargo" "+9610dfe5a9a731ced1ea4923ecbd0c57fe367898" "metadata" "--manifest-path" "Cargo.toml" "--no-deps", kill_on_drop: false }`
[INFO] started tweaking git repo https://github.com/CyberGsus/tracc
[INFO] finished tweaking git repo https://github.com/CyberGsus/tracc
[INFO] tweaked toml for git repo https://github.com/CyberGsus/tracc written to /workspace/builds/worker-2-tc1/source/Cargo.toml
[INFO] crate git repo https://github.com/CyberGsus/tracc already has a lockfile, it will not be regenerated
[INFO] running `Command { std: CARGO_HOME="/workspace/cargo-home" RUSTUP_HOME="/workspace/rustup-home" "/workspace/cargo-home/bin/cargo" "+9610dfe5a9a731ced1ea4923ecbd0c57fe367898" "fetch" "--manifest-path" "Cargo.toml", kill_on_drop: false }`
[INFO] running `Command { std: "docker" "create" "-v" "/var/lib/crater-agent-workspace/builds/worker-2-tc1/target:/opt/rustwide/target:rw,Z" "-v" "/var/lib/crater-agent-workspace/builds/worker-2-tc1/source:/opt/rustwide/workdir:ro,Z" "-v" "/var/lib/crater-agent-workspace/cargo-home:/opt/rustwide/cargo-home:ro,Z" "-v" "/var/lib/crater-agent-workspace/rustup-home:/opt/rustwide/rustup-home:ro,Z" "-e" "SOURCE_DIR=/opt/rustwide/workdir" "-e" "CARGO_TARGET_DIR=/opt/rustwide/target" "-e" "CARGO_HOME=/opt/rustwide/cargo-home" "-e" "RUSTUP_HOME=/opt/rustwide/rustup-home" "-w" "/opt/rustwide/workdir" "-m" "1610612736" "--user" "0:0" "--network" "none" "ghcr.io/rust-lang/crates-build-env/linux@sha256:19e73879b68f455e41552ea35293514db52ea292d993f571636dbffedb77a1ee" "/opt/rustwide/cargo-home/bin/cargo" "+9610dfe5a9a731ced1ea4923ecbd0c57fe367898" "metadata" "--no-deps" "--format-version=1", kill_on_drop: false }`
[INFO] [stdout] fea7d831efe459bbd38f0ec7fc3df253d9ff779af1cbf0dff6e57017a1c859b3
[INFO] running `Command { std: "docker" "start" "-a" "fea7d831efe459bbd38f0ec7fc3df253d9ff779af1cbf0dff6e57017a1c859b3", kill_on_drop: false }`
[INFO] running `Command { std: "docker" "inspect" "fea7d831efe459bbd38f0ec7fc3df253d9ff779af1cbf0dff6e57017a1c859b3", kill_on_drop: false }`
[INFO] running `Command { std: "docker" "rm" "-f" "fea7d831efe459bbd38f0ec7fc3df253d9ff779af1cbf0dff6e57017a1c859b3", kill_on_drop: false }`
[INFO] [stdout] fea7d831efe459bbd38f0ec7fc3df253d9ff779af1cbf0dff6e57017a1c859b3
[INFO] running `Command { std: "docker" "create" "-v" "/var/lib/crater-agent-workspace/builds/worker-2-tc1/target:/opt/rustwide/target:rw,Z" "-v" "/var/lib/crater-agent-workspace/builds/worker-2-tc1/source:/opt/rustwide/workdir:ro,Z" "-v" "/var/lib/crater-agent-workspace/cargo-home:/opt/rustwide/cargo-home:ro,Z" "-v" "/var/lib/crater-agent-workspace/rustup-home:/opt/rustwide/rustup-home:ro,Z" "-e" "SOURCE_DIR=/opt/rustwide/workdir" "-e" "CARGO_TARGET_DIR=/opt/rustwide/target" "-e" "CARGO_INCREMENTAL=0" "-e" "RUST_BACKTRACE=full" "-e" "RUSTFLAGS=--cap-lints=forbid" "-e" "RUSTDOCFLAGS=--cap-lints=forbid" "-e" "CARGO_HOME=/opt/rustwide/cargo-home" "-e" "RUSTUP_HOME=/opt/rustwide/rustup-home" "-w" "/opt/rustwide/workdir" "-m" "1610612736" "--user" "0:0" "--network" "none" "ghcr.io/rust-lang/crates-build-env/linux@sha256:19e73879b68f455e41552ea35293514db52ea292d993f571636dbffedb77a1ee" "/opt/rustwide/cargo-home/bin/cargo" "+9610dfe5a9a731ced1ea4923ecbd0c57fe367898" "check" "--frozen" "--all" "--all-targets" "--message-format=json", kill_on_drop: false }`
[INFO] [stdout] 921c7294bb28226503f93407c0b3b8545220e8d64e6d0c2ae73dd016f6cc8351
[INFO] running `Command { std: "docker" "start" "-a" "921c7294bb28226503f93407c0b3b8545220e8d64e6d0c2ae73dd016f6cc8351", kill_on_drop: false }`
[INFO] [stderr]    Compiling proc-macro2 v1.0.47
[INFO] [stderr]    Compiling unicode-ident v1.0.5
[INFO] [stderr]    Compiling syn v1.0.103
[INFO] [stderr]    Compiling libc v0.2.137
[INFO] [stderr]     Checking once_cell v1.16.0
[INFO] [stderr]    Compiling log v0.4.17
[INFO] [stderr]     Checking regex-syntax v0.6.28
[INFO] [stderr]     Checking unicode-width v0.1.10
[INFO] [stderr]    Compiling unicode-segmentation v1.10.0
[INFO] [stderr]    Compiling time-core v0.1.0
[INFO] [stderr]    Compiling thiserror v1.0.37
[INFO] [stderr]     Checking overload v0.1.1
[INFO] [stderr]    Compiling anyhow v1.0.66
[INFO] [stderr]     Checking itoa v1.0.4
[INFO] [stderr]     Checking num_threads v0.1.6
[INFO] [stderr]     Checking either v1.8.0
[INFO] [stderr]     Checking nu-ansi-term v0.46.0
[INFO] [stderr]    Compiling time-macros v0.2.6
[INFO] [stderr]     Checking smallvec v1.10.0
[INFO] [stderr]     Checking textwrap v0.11.0
[INFO] [stderr]     Checking tracing-core v0.1.30
[INFO] [stderr]     Checking thread_local v1.1.4
[INFO] [stderr]     Checking itertools v0.10.5
[INFO] [stderr]    Compiling heck v0.3.3
[INFO] [stderr]     Checking tracing-log v0.1.3
[INFO] [stderr]    Compiling quote v1.0.21
[INFO] [stderr]    Compiling proc-macro-error-attr v1.0.4
[INFO] [stderr]     Checking atty v0.2.14
[INFO] [stderr]     Checking time v0.3.17
[INFO] [stderr]     Checking clap v2.34.0
[INFO] [stderr]     Checking simplelog v0.12.0
[INFO] [stderr]     Checking regex-automata v0.1.10
[INFO] [stderr]     Checking regex v1.7.0
[INFO] [stderr]     Checking matchers v0.1.0
[INFO] [stderr]    Compiling proc-macro-error v1.0.4
[INFO] [stderr]    Compiling tracing-attributes v0.1.23
[INFO] [stderr]    Compiling structopt-derive v0.4.18
[INFO] [stderr]    Compiling thiserror-impl v1.0.37
[INFO] [stderr]     Checking structopt v0.3.26
[INFO] [stderr]     Checking tracing v0.1.37
[INFO] [stderr]     Checking tracing-subscriber v0.3.16
[INFO] [stderr]     Checking tracc v0.8.0 (/opt/rustwide/workdir)
[INFO] [stdout] error: couldn't read src/ir/analysis/../../../write_a_c_compiler/stage_4/valid/skip_on_failure_multi_short_circuit.c: No such file or directory (os error 2)
[INFO] [stdout]    --> src/ir/analysis/lifetimes.rs:596:35
[INFO] [stdout]     |
[INFO] [stdout] 596 |           const SOURCE_CODE: &str = include_str!(
[INFO] [stdout]     |  ___________________________________^
[INFO] [stdout] 597 | |             "../../../write_a_c_compiler/stage_4/valid/skip_on_failure_multi_short_circuit.c"
[INFO] [stdout] 598 | |         );
[INFO] [stdout]     | |_________^
[INFO] [stdout]     |
[INFO] [stdout]     = note: this error originates in the macro `include_str` (in Nightly builds, run with -Z macro-backtrace for more info)
[INFO] [stdout] 
[INFO] [stdout] 
[INFO] [stdout] error[E0425]: cannot find function `compute_memory_lifetimes` in module `memory`
[INFO] [stdout]    --> src/ir/analysis/lifetimes.rs:447:33
[INFO] [stdout]     |
[INFO] [stdout] 447 |           let lifetimes = memory::compute_memory_lifetimes(&ir, &memory::make_alloc_map(&ir.code));
[INFO] [stdout]     |                                   ^^^^^^^^^^^^^^^^^^^^^^^^ help: a function with a similar name exists: `make_memory_lifetimes`
[INFO] [stdout]     |
[INFO] [stdout]    ::: src/allocators/memory.rs:191:1
[INFO] [stdout]     |
[INFO] [stdout] 191 | / pub fn make_memory_lifetimes(
[INFO] [stdout] 192 | |     ir: &IR,
[INFO] [stdout] 193 | |     allocations_needed: &AllocMap,
[INFO] [stdout] 194 | |     function_block_ranges: &[BlockRange],
[INFO] [stdout] ...   |
[INFO] [stdout] 307 | |     all
[INFO] [stdout] 308 | | }
[INFO] [stdout]     | |_- similarly named function `make_memory_lifetimes` defined here
[INFO] [stdout] 
[INFO] [stdout] 
[INFO] [stdout] error[E0425]: cannot find function `compute_lifetimes` in module `analysis`
[INFO] [stdout]    --> src/ir/analysis/lifetimes.rs:601:35
[INFO] [stdout]     |
[INFO] [stdout] 601 |         let lifetimes = analysis::compute_lifetimes(&ir);
[INFO] [stdout]     |                                   ^^^^^^^^^^^^^^^^^ not found in `analysis`
[INFO] [stdout] 
[INFO] [stdout] 
[INFO] [stdout] error[E0425]: cannot find function `compute_lifetime_collisions` in module `analysis`
[INFO] [stdout]    --> src/ir/analysis/lifetimes.rs:602:39
[INFO] [stdout]     |
[INFO] [stdout] 602 |         let collision_map = analysis::compute_lifetime_collisions(&ir, &lifetimes);
[INFO] [stdout]     |                                       ^^^^^^^^^^^^^^^^^^^^^^^^^^^ not found in `analysis`
[INFO] [stdout] 
[INFO] [stdout] 
[INFO] [stdout] error[E0603]: function `compile_function` is private
[INFO] [stdout]    --> src/ir/analysis/lifetimes.rs:590:57
[INFO] [stdout]     |
[INFO] [stdout] 590 |         let (_function_name, ir) = crate::ir::generate::compile_function(program, &meta)?;
[INFO] [stdout]     |                                                         ^^^^^^^^^^^^^^^^ private function
[INFO] [stdout]     |
[INFO] [stdout] note: the function `compile_function` is defined here
[INFO] [stdout]    --> src/ir/generate/mod.rs:96:1
[INFO] [stdout]     |
[INFO] [stdout] 96  | / fn compile_function<'code>(
[INFO] [stdout] 97  | |     state: &mut IRGenState,
[INFO] [stdout] 98  | |     bindings: &mut BindingCounter,
[INFO] [stdout] 99  | |     functions: &mut HashMap<&'code str, BlockBinding>,
[INFO] [stdout] ...   |
[INFO] [stdout] 147 | |     Ok((name, function_entry, arg_range))
[INFO] [stdout] 148 | | }
[INFO] [stdout]     | |_^
[INFO] [stdout] 
[INFO] [stdout] 
[INFO] [stdout] error[E0308]: mismatched types
[INFO] [stdout]    --> src/ir/analysis/lifetimes.rs:307:31
[INFO] [stdout]     |
[INFO] [stdout] 307 |               let ir = IR::from(vec![BasicBlock {
[INFO] [stdout]     |  ______________________--------_^
[INFO] [stdout]     | |                      |
[INFO] [stdout]     | |                      arguments to this function are incorrect
[INFO] [stdout] 308 | |                 statements: vec![
[INFO] [stdout] 309 | |                     Statement::Assign {
[INFO] [stdout] 310 | |                         index: Binding(0),
[INFO] [stdout] ...   |
[INFO] [stdout] 325 | |                 end: BlockEnd::Return(Binding(2)),
[INFO] [stdout] 326 | |             }]);
[INFO] [stdout]     | |______________^ expected `IR`, found `Vec<BasicBlock>`
[INFO] [stdout]     |
[INFO] [stdout]     = note: expected struct `ir::IR`
[INFO] [stdout]                found struct `Vec<ir::BasicBlock>`
[INFO] [stdout] note: associated function defined here
[INFO] [stdout]    --> /rustc/9610dfe5a9a731ced1ea4923ecbd0c57fe367898/library/core/src/convert/mod.rs:544:8
[INFO] [stdout] 
[INFO] [stdout] 
[INFO] [stdout] error[E0308]: mismatched types
[INFO] [stdout]    --> src/ir/analysis/lifetimes.rs:336:31
[INFO] [stdout]     |
[INFO] [stdout] 336 |               let ir = IR::from(vec![
[INFO] [stdout]     |  ______________________--------_^
[INFO] [stdout]     | |                      |
[INFO] [stdout]     | |                      arguments to this function are incorrect
[INFO] [stdout] 337 | |                 BasicBlock {
[INFO] [stdout] 338 | |                     statements: vec![Statement::Assign {
[INFO] [stdout] 339 | |                         index: Binding(0),
[INFO] [stdout] ...   |
[INFO] [stdout] 356 | |                 },
[INFO] [stdout] 357 | |             ]);
[INFO] [stdout]     | |_____________^ expected `IR`, found `Vec<BasicBlock>`
[INFO] [stdout]     |
[INFO] [stdout]     = note: expected struct `ir::IR`
[INFO] [stdout]                found struct `Vec<ir::BasicBlock>`
[INFO] [stdout] note: associated function defined here
[INFO] [stdout]    --> /rustc/9610dfe5a9a731ced1ea4923ecbd0c57fe367898/library/core/src/convert/mod.rs:544:8
[INFO] [stdout] 
[INFO] [stdout] 
[INFO] [stdout] error[E0308]: mismatched types
[INFO] [stdout]    --> src/ir/analysis/lifetimes.rs:371:27
[INFO] [stdout]     |
[INFO] [stdout] 371 |           let ir = IR::from(vec![
[INFO] [stdout]     |  __________________--------_^
[INFO] [stdout]     | |                  |
[INFO] [stdout]     | |                  arguments to this function are incorrect
[INFO] [stdout] 372 | |             BasicBlock {
[INFO] [stdout] 373 | |                 // setup: declare %0 and %1, write 0 to %0 and 1 to %1.
[INFO] [stdout] 374 | |                 statements: vec![
[INFO] [stdout] ...   |
[INFO] [stdout] 443 | |             },
[INFO] [stdout] 444 | |         ]);
[INFO] [stdout]     | |_________^ expected `IR`, found `Vec<BasicBlock>`
[INFO] [stdout]     |
[INFO] [stdout]     = note: expected struct `ir::IR`
[INFO] [stdout]                found struct `Vec<ir::BasicBlock>`
[INFO] [stdout] note: associated function defined here
[INFO] [stdout]    --> /rustc/9610dfe5a9a731ced1ea4923ecbd0c57fe367898/library/core/src/convert/mod.rs:544:8
[INFO] [stdout] 
[INFO] [stdout] 
[INFO] [stdout] error[E0425]: cannot find function `compute_lifetime_collisions` in this scope
[INFO] [stdout]    --> src/ir/analysis/lifetimes.rs:461:26
[INFO] [stdout]     |
[INFO] [stdout] 461 |         let collisions = compute_lifetime_collisions(&ir, &lifetimes);
[INFO] [stdout]     |                          ^^^^^^^^^^^^^^^^^^^^^^^^^^^ not found in this scope
[INFO] [stdout] 
[INFO] [stdout] 
[INFO] [stdout] error[E0308]: mismatched types
[INFO] [stdout]    --> src/ir/analysis/lifetimes.rs:474:27
[INFO] [stdout]     |
[INFO] [stdout] 474 |           let ir = IR::from(vec![BasicBlock {
[INFO] [stdout]     |  __________________--------_^
[INFO] [stdout]     | |                  |
[INFO] [stdout]     | |                  arguments to this function are incorrect
[INFO] [stdout] 475 | |             statements: vec![
[INFO] [stdout] 476 | |                 Statement::Assign {
[INFO] [stdout] 477 | |                     index: Binding(0),
[INFO] [stdout] ...   |
[INFO] [stdout] 499 | |             end: BlockEnd::Return(Binding(1)),
[INFO] [stdout] 500 | |         }]);
[INFO] [stdout]     | |__________^ expected `IR`, found `Vec<BasicBlock>`
[INFO] [stdout]     |
[INFO] [stdout]     = note: expected struct `ir::IR`
[INFO] [stdout]                found struct `Vec<ir::BasicBlock>`
[INFO] [stdout] note: associated function defined here
[INFO] [stdout]    --> /rustc/9610dfe5a9a731ced1ea4923ecbd0c57fe367898/library/core/src/convert/mod.rs:544:8
[INFO] [stdout] 
[INFO] [stdout] 
[INFO] [stdout] error[E0308]: mismatched types
[INFO] [stdout]    --> src/ir/analysis/lifetimes.rs:536:27
[INFO] [stdout]     |
[INFO] [stdout] 536 |           let ir = IR::from(vec![
[INFO] [stdout]     |  __________________--------_^
[INFO] [stdout]     | |                  |
[INFO] [stdout]     | |                  arguments to this function are incorrect
[INFO] [stdout] 537 | |             BasicBlock {
[INFO] [stdout] 538 | |                 statements: vec![Statement::Assign {
[INFO] [stdout] 539 | |                     index: Binding(0),
[INFO] [stdout] ...   |
[INFO] [stdout] 561 | |             },
[INFO] [stdout] 562 | |         ]);
[INFO] [stdout]     | |_________^ expected `IR`, found `Vec<BasicBlock>`
[INFO] [stdout]     |
[INFO] [stdout]     = note: expected struct `ir::IR`
[INFO] [stdout]                found struct `Vec<ir::BasicBlock>`
[INFO] [stdout] note: associated function defined here
[INFO] [stdout]    --> /rustc/9610dfe5a9a731ced1ea4923ecbd0c57fe367898/library/core/src/convert/mod.rs:544:8
[INFO] [stdout] 
[INFO] [stdout] 
[INFO] [stdout] error[E0425]: cannot find function `compute_lifetimes` in this scope
[INFO] [stdout]    --> src/ir/analysis/lifetimes.rs:563:25
[INFO] [stdout]     |
[INFO] [stdout] 563 |         let lifetimes = compute_lifetimes(&ir);
[INFO] [stdout]     |                         ^^^^^^^^^^^^^^^^^ not found in this scope
[INFO] [stdout] 
[INFO] [stdout] 
[INFO] [stdout] error[E0277]: the trait bound `&mut ir::generate::IRGenState: Parse<'_>` is not satisfied
[INFO] [stdout]    --> src/ir/analysis/lifetimes.rs:589:58
[INFO] [stdout]     |
[INFO] [stdout] 589 |         let program = crate::grammar::Parser::new(&meta).parse()?;
[INFO] [stdout]     |                                                          ^^^^^ the trait `Parse<'_>` is not implemented for `&mut ir::generate::IRGenState`
[INFO] [stdout]     |
[INFO] [stdout]     = help: the following other types implement trait `Parse<'source>`:
[INFO] [stdout]               (Block<'source>, error::Span)
[INFO] [stdout]               (Expr<'source>, error::Span)
[INFO] [stdout]               (ast::Identifier<'source>, error::Span)
[INFO] [stdout]               (ast::Statement<'source>, error::Span)
[INFO] [stdout]               Block<'source>
[INFO] [stdout]               Function<'source>
[INFO] [stdout]               Program<'source>
[INFO] [stdout] note: required by a bound in `Parser::<'source>::parse`
[INFO] [stdout]    --> src/grammar/mod.rs:109:12
[INFO] [stdout]     |
[INFO] [stdout] 107 |     pub fn parse<T>(&mut self) -> ParseRes<T>
[INFO] [stdout]     |            ----- required by a bound in this associated function
[INFO] [stdout] 108 |     where
[INFO] [stdout] 109 |         T: Parse<'source>,
[INFO] [stdout]     |            ^^^^^^^^^^^^^^ required by this bound in `Parser::<'source>::parse`
[INFO] [stdout] 
[INFO] [stdout] 
[INFO] [stdout] error[E0061]: this function takes 5 arguments but 2 arguments were supplied
[INFO] [stdout]    --> src/ir/analysis/lifetimes.rs:590:36
[INFO] [stdout]     |
[INFO] [stdout] 590 |         let (_function_name, ir) = crate::ir::generate::compile_function(program, &meta)?;
[INFO] [stdout]     |                                    ^^^^^^^^^^^^^^^^^^^^^^^^^^^^^^^^^^^^^---------------- three arguments of type `&mut ir::generate::BindingCounter`, `&mut std::collections::HashMap<&str, ir::BlockBinding>`, and `Function<'_>` are missing
[INFO] [stdout]     |
[INFO] [stdout] note: function defined here
[INFO] [stdout]    --> src/ir/generate/mod.rs:96:4
[INFO] [stdout]     |
[INFO] [stdout] 96  | fn compile_function<'code>(
[INFO] [stdout]     |    ^^^^^^^^^^^^^^^^
[INFO] [stdout] 97  |     state: &mut IRGenState,
[INFO] [stdout]     |     ----------------------
[INFO] [stdout] 98  |     bindings: &mut BindingCounter,
[INFO] [stdout]     |     -----------------------------
[INFO] [stdout] 99  |     functions: &mut HashMap<&'code str, BlockBinding>,
[INFO] [stdout]     |     -------------------------------------------------
[INFO] [stdout] 100 |     f: ast::Function<'code>,
[INFO] [stdout]     |     -----------------------
[INFO] [stdout] 101 |     source_meta: &SourceMetadata<'code>,
[INFO] [stdout]     |     -----------------------------------
[INFO] [stdout] help: provide the arguments
[INFO] [stdout]     |
[INFO] [stdout] 590 |         let (_function_name, ir) = crate::ir::generate::compile_function(program, /* &mut ir::generate::BindingCounter */, /* &mut std::collections::HashMap<&str, ir::BlockBinding> */, /* Function<'_> */, &meta)?;
[INFO] [stdout]     |                                                                         ~~~~~~~~~~~~~~~~~~~~~~~~~~~~~~~~~~~~~~~~~~~~~~~~~~~~~~~~~~~~~~~~~~~~~~~~~~~~~~~~~~~~~~~~~~~~~~~~~~~~~~~~~~~~~~~~~~~~~~~~~~~~~~~~~~~~~~~~~~~
[INFO] [stdout] 
[INFO] [stdout] 
[INFO] [stdout] error[E0308]: mismatched types
[INFO] [stdout]    --> src/ir/analysis/lifetimes.rs:590:13
[INFO] [stdout]     |
[INFO] [stdout] 590 |         let (_function_name, ir) = crate::ir::generate::compile_function(program, &meta)?;
[INFO] [stdout]     |             ^^^^^^^^^^^^^^^^^^^^   ------------------------------------------------------ this expression has type `(&str, ir::BlockBinding, std::ops::Range<usize>)`
[INFO] [stdout]     |             |
[INFO] [stdout]     |             expected a tuple with 3 elements, found one with 2 elements
[INFO] [stdout]     |
[INFO] [stdout]     = note: expected tuple `(&str, ir::BlockBinding, std::ops::Range<usize>)`
[INFO] [stdout]                found tuple `(_, _)`
[INFO] [stdout] 
[INFO] [stdout] 
[INFO] [stdout] error: aborting due to 15 previous errors
[INFO] [stdout] 
[INFO] [stdout] 
[INFO] [stdout] Some errors have detailed explanations: E0061, E0277, E0308, E0425, E0603.
[INFO] [stdout] 
[INFO] [stdout] For more information about an error, try `rustc --explain E0061`.
[INFO] [stdout] 
[INFO] [stderr] error: could not compile `tracc` (lib test) due to 16 previous errors
[INFO] [stderr] warning: build failed, waiting for other jobs to finish...
[INFO] running `Command { std: "docker" "inspect" "921c7294bb28226503f93407c0b3b8545220e8d64e6d0c2ae73dd016f6cc8351", kill_on_drop: false }`
[INFO] running `Command { std: "docker" "rm" "-f" "921c7294bb28226503f93407c0b3b8545220e8d64e6d0c2ae73dd016f6cc8351", kill_on_drop: false }`
[INFO] [stdout] 921c7294bb28226503f93407c0b3b8545220e8d64e6d0c2ae73dd016f6cc8351
